= j*h. Is h prime?
True
Suppose s + 80199 = 4*n, -7*n + 5*n + 40092 = -2*s. Is n a composite number?
False
Let q be ((-30)/(-20))/(3/6). Suppose q*c = -3*r + 216, -2*c + 69 = r - 8. Is r composite?
False
Let o(q) = -q**3 - q**2 + 1. Let u(n) = -5*n**3 - 5*n**2 - 7*n + 24. Let m(j) = 4*o(j) - u(j). Is m(13) prime?
True
Let a = 20 + -20. Let x(n) = 3*n**2 + n - 113. Let l(u) = 4*u**2 + 2*u - 113. Let d(r) = 2*l(r) - 3*x(r). Is d(a) prime?
True
Let c(u) = u**2 - 6*u - 1. Let r be c(6). Let b(z) be the first derivative of -37*z**4 + 2*z**3/3 - z - 9. Is b(r) a composite number?
False
Let i(p) be the first derivative of 7*p**6/72 - p**5/40 + p**4/12 + 2*p**3/3 + 4. Let h(d) be the third derivative of i(d). Is h(1) prime?
False
Let t(v) = -6*v**2 + v - 113. Let g(p) = 5*p**2 - p + 112. Let q(f) = 7*g(f) + 6*t(f). Is q(0) prime?
False
Suppose -2*t + 6080 = -4*g - 26526, -4*t + 3*g = -65227. Is t a composite number?
True
Let n(x) = 5962*x + 39. Is n(2) a composite number?
True
Let i = -1949 - -3090. Is i prime?
False
Suppose -216757 = -31*d + 98730. Is d composite?
False
Let s = 7835 - 2566. Is s prime?
False
Let z(t) = -3*t**3 + 4*t**2 - 5. Let b be -5*1/(-5)*2. Let m = -8 + b. Is z(m) a prime number?
True
Let o(v) = -23*v**3 - 13*v**2 - 25*v - 30. Is o(-13) prime?
False
Suppose -8*t + 176866 + 257494 = 0. Is t a prime number?
False
Let w be ((-72)/32)/((-2)/(-8)). Let h(j) = j**2 - 4*j. Let m be h(w). Let r = -23 + m. Is r a composite number?
True
Let f be (-1)/(-3 + 50/17). Let x = -12 + f. Let i(q) = 42*q**2 + 3*q - 4. Is i(x) a composite number?
False
Let u(o) = -207*o**2 + o - 4. Let b(h) = -827*h**2 + 5*h - 16. Let j(k) = 2*b(k) - 9*u(k). Let w = -7 + 5. Is j(w) prime?
False
Suppose 7*n - 2*n + 4*b = 137545, -5*n = -3*b - 137545. Is n a composite number?
False
Suppose 0*y - 2*y = 2. Let s(a) = -147*a + 2. Let q(x) = 146*x - 1. Let r(k) = -3*q(k) - 2*s(k). Is r(y) prime?
False
Is (5*-1)/((-3)/(-3)) + 6766 prime?
True
Suppose -2*x = -b - b - 948, -4*b + 479 = x. Let c = x - 240. Let q = c + 102. Is q prime?
True
Let x = -10 + 12. Suppose -x*u - 3*b + 8 + 6 = 0, -4*b + 12 = u. Is -53*(-4)/u*1 prime?
True
Suppose -11*o = -10*o. Suppose 4*w = 3*h + 2453, -2*w + 4*h + 737 + 497 = o. Is w composite?
True
Let c = 87973 + -61422. Is c composite?
True
Let b be 2/8 - 3506/8. Let x be (-3260)/4*(1 - 0)*-1. Let p = x + b. Is p prime?
False
Suppose -4*b = 5*l - 5157, 4*b - 4*l = -6*l + 5142. Is b composite?
False
Let m be 14/2 - (-1 - 2/(-1)). Suppose 10 = 5*f, m*z - 2*z - 3*f = 6302. Is z prime?
False
Let m = -368 + 255. Let j = 208 + m. Is j a prime number?
False
Let g(m) = -m**3 + 3*m**2 - 4*m + 3. Suppose -12 + 0 = 3*f. Is g(f) a prime number?
True
Let g = 45 - 65. Is g*((-329)/2)/7 - -3 composite?
True
Let z = 6 - 1. Suppose 0*q - z*q - 20 = 0, 4 = 5*d + 4*q. Suppose -5*j = -h - 662, -384 = j - d*j + 5*h. Is j a composite number?
True
Suppose -3*c + 1318 = -11285. Is c prime?
True
Suppose -472 = 2*o - 4*u, -4*o = o - 4*u + 1186. Let g = 244 - o. Suppose -3*a + 5*l = -g, 3*l + 582 = 3*a + 102. Is a prime?
False
Suppose -5*c + 4 = -6. Suppose -4*n + 2*s + 6 = -0, 30 = 5*n + c*s. Suppose 1921 = 5*p - n*h, -5*p + 2*h + 1885 = 7*h. Is p a prime number?
False
Let w be 2/(-6)*9/6*0. Is 5976/15 + w + (-6)/15 a composite number?
True
Let n be (-21)/(-14)*(-4)/(-2). Let x = 3 + n. Is 1795/15 + (-4)/x composite?
True
Let p = 2489 + -1128. Is p composite?
False
Suppose -3*b + 847 = 4*b. Let u = -32 + b. Is u composite?
False
Let z(j) = j**2 - j - 1. Let q be z(3). Suppose u - q*u = 12. Is (-4)/(473/(-157) - u) a prime number?
False
Let d(x) be the third derivative of -35*x**4/8 + x**3/6 - 3*x**2. Let i be ((-2)/(-3))/(10/(-90)). Is d(i) a prime number?
True
Suppose 0 = -11*q + 8*q + 15. Suppose 0 = 3*k - q*d - 2641, -2*k - 2*k - 3*d + 3502 = 0. Is k a prime number?
True
Suppose 3*x - 6 = -2*o - 37, -5*x + 40 = -5*o. Let c(j) = -j**2 - 8*j + 5. Let a be c(o). Is ((-53)/(-4))/((-7)/a) composite?
False
Let v = 21 - 16. Suppose 2*k - 8 = -v*j, 2*j + 1 = k + 6. Is (19 + 115)/(k - -3) prime?
True
Suppose -5*k - 8440 = 5*k. Let a = -429 - k. Is a composite?
True
Let s(d) = -98*d**2 + 8*d + 7. Let y(p) = -98*p**2 + 6*p + 6. Let h(v) = 3*s(v) - 4*y(v). Let o(i) = i - 6. Let w be o(4). Is h(w) a prime number?
True
Suppose -2*y + 4060 = 1686. Is y prime?
True
Suppose 784*b + 687760 = 800*b. Is b composite?
True
Suppose 2*m - 71030 = -9*p + 7*p, 35515 = p + 2*m. Is p prime?
False
Let w(h) be the first derivative of 73*h**2 + 3*h + 12. Is w(2) a composite number?
True
Suppose 0 = -5*m - 3*w + 16948, -m = -31*w + 28*w - 3386. Is m a composite number?
False
Suppose -4*q - 51358 = -3*p, -3*q = -p + 5859 + 11252. Is p prime?
False
Let t(l) = -19*l + 3 + 16 + 2*l**3 - 27*l**2 - 42. Is t(19) prime?
False
Let f = 12 - 9. Suppose 2*i + f*q - 2915 = 8*q, -2*i + 2918 = -4*q. Is i prime?
False
Let p(o) = -o**2 - 10*o + 15. Let f be p(-11). Suppose z + 2*r - 2251 = -r, -f*z - 3*r + 9013 = 0. Suppose 726 + z = 4*c. Is c composite?
True
Let i be (3/(-5))/(2/(-10)). Suppose 4*d = -3*s - 101, s + 4*d = -20 - i. Let g = s + 58. Is g a composite number?
False
Let v = 23719 + -7386. Is v a prime number?
True
Let n = -745 - -12344. Is n a prime number?
False
Let q(j) = j**3 + 10*j**2 + 10*j + 9. Let t be q(-9). Suppose -3*c - 4*u + 23764 = t, -3*c + u + 25302 = 1528. Suppose 2*x + 2*x = c. Is x a prime number?
False
Let p = 1532 - -1190. Is p composite?
True
Suppose -2*c + 3*h = 5, -5*c + 4*h = -0*h - 5. Suppose -2*y + 4*o + 1010 = 0, -2*o + c*o + 1007 = 2*y. Is y composite?
False
Let a = -832 - -1738. Let h = a + 787. Is h a prime number?
True
Let k be (-1 - 0)/((-2)/(-758)). Suppose 0 = -3*a + 4*u + 243 + 2383, -5*a + 4380 = -5*u. Let d = a + k. Is d a composite number?
False
Suppose -3*j + 5*p = -69274, -9847 = -2*j - 2*p + 36341. Is j a prime number?
False
Let w = -28827 + 48668. Is w a prime number?
True
Let f(k) = 414 + 7*k**3 - 21*k**3 + 3*k + 49 + 13*k**3. Is f(0) composite?
False
Suppose i - 26 = 5*c, 2*i - c = -5*c + 52. Let r = i + 11. Is r a prime number?
True
Suppose -g - n + 7 = 0, -g - 2*n + 13 = 5. Let k(m) = -12*m**2 + 14*m + 4. Let w be k(g). Let a = w + 555. Is a a composite number?
False
Let j(g) = g**3 - 9*g**2 + 10*g - 1. Let k be j(8). Suppose -k = -4*c + 1. Suppose u - 52 = 3*f, c*u - 5*f = 84 + 159. Is u a prime number?
True
Suppose 4*m = -4*h - 24, -3*h + 11 = -2*m - 1. Is (((-1722)/(-4))/3)/((-3)/m) a composite number?
True
Suppose -12208 = 11*b - 9*b. Is b/(-32) + (-2)/(-8) a prime number?
True
Let n be (10 + -1)*(-2)/(-6). Suppose -5*a + m = -450, a + 0*m - 90 = -n*m. Let u = -55 + a. Is u composite?
True
Let i = 10 - 6. Suppose -2485 + 769 = -i*b. Let z = b + -248. Is z prime?
True
Let u(b) = 2*b**2 + 4*b + 5. Let p(q) = q. Let v(m) = -2*p(m) + u(m). Suppose -2*x = -0 + 14. Is v(x) a composite number?
False
Let v = -22 - -113. Suppose -4*b + 438 = 2*x, 4*x - 797 = -2*b + v. Is x composite?
False
Suppose q = -5*z + 48, -50 = -4*z - 2*q + 7*q. Let t = -3 + z. Suppose -c + t = -80. Is c composite?
True
Let z(r) = 6*r**2 + 2 + 2*r**2 + 3 + 0*r**2. Let s be z(3). Let p = 50 + s. Is p a composite number?
False
Let l be 4/14 - 9483/(-7). Let s(t) = 24*t - 63. Let p be s(8). Suppose p = -2*d + l. Is d composite?
False
Let i(m) = 22*m + 9. Let n be 6*(-1)/(4/6). Let h be 3*(15/n - -3). Is i(h) a composite number?
False
Suppose 112 = -3*f - 2. Let w = 63 + f. Let m = 39 - w. Is m a prime number?
False
Let s(q) = -2*q + 0*q + 3 - 2*q. Suppose 189*x + 56 = 181*x. Is s(x) prime?
True
Let g be 20*17 - (11 + -11). Let d = -197 + g. Is d a composite number?
True
Let z(c) = 711*c + 38. Is z(5) a prime number?
True
Let j = 28874 + -14885. Is j a composite number?
True
Is 393484/16 + (-1)/(-4) a composite number?
False
Suppose 0 = -t + j - 10, 5*t - 2*j = -j - 30. Is (-2)/5 - 112*81/t prime?
False
Suppose 4*h = -4*x + 4, 2*h - 4*h = -4*x - 32. Let l = 1 - -3. Suppose -154 = -2*f + l*u, h*f + u - 418 = f. Is f composite?
False
Let m = 10064 + 3038. Is m a composite number?
True
Let j be (-16)/20 - (-279)/5. Suppose -56*d + 35 = -j*d. Is d composite?
True
Let p(d) be the second derivative of 46*d**3/3 + 11*d**2/2 + 30*d. Is p(4) composite?
False
Let p(w) = w + 9. Let a be p(-7). Let 